 l(n). Calculate the greatest common divisor of o and 75.
25
Let j be 100*-4*(-1)/16. Suppose -2*g - 5 = -j. Let k = -52 - -54. Calculate the highest common factor of g and k.
2
Suppose 23*t + 4*v = 21*t + 94, 4*t = -3*v + 193. Calculate the highest common factor of t and 308.
7
Suppose 0 = p - n + 51, 3*n - 93 = 2*p + 4*n. Let g be (2 - -1)/(36/p). Let d be 85 - -6*g/8. What is the highest common factor of d and 41?
41
Let d = -59 + 63. Suppose -2*l = d*t - 28, -5*t - 2*l + 17 + 18 = 0. Calculate the greatest common factor of 2 and t.
1
Let u be 4/(-6) - 32/(-3). Suppose -3*j + 6025 = 8*x - 3939, -5*x + 4*j + 6298 = 0. Calculate the greatest common divisor of u and x.
10
Suppose 184 = 29*u - 48. Suppose 8 = 6*d - u*d, -5*m - 4*d = -959. Calculate the highest common factor of m and 39.
39
Let g = 52 + -37. Suppose -3*d = -g, -5*y - 3*d + 31 + 4 = 0. Suppose -5 = 5*h, y*r + 0*h - 7 = 3*h. Calculate the greatest common divisor of r and 13.
1
Let y = -42 + 106. Let k be (-5)/(-3) - ((-96)/96 + (-2)/6). Suppose -d = v - 5*v + 217, v + k*d = y. What is the greatest common divisor of v and 5?
5
Suppose -388*w + 700 = -88*w - 200. What is the greatest common factor of w and 426?
3
Let y = -35826 + 35845. Calculate the greatest common factor of 29849 and y.
19
Let o be 16/280*14*(-225)/2. Let f be (12*12/o)/(3/(-270)). Calculate the greatest common divisor of 9 and f.
9
Suppose -5*j = j - 432. Suppose 0 = s + 3*q + 13, 4*s - 3*q + 4*q = 3. Let f be 17 - s - (-6 + 3). What is the highest common divisor of j and f?
18
Let r(g) = -6*g**2 + 3*g**2 + 2*g**2 + 0*g**3 - g**3. Let o be r(1). Let w be 1 - 43/o - 6/(-4). What is the greatest common factor of w and 16?
8
Suppose -3*m + 10*m + 82 = 285. What is the greatest common factor of m and 5771?
29
Let f = 4826 + -3994. Calculate the highest common factor of 286 and f.
26
Let h(s) = -505*s - 3026. Let m be h(-6). What is the highest common divisor of 5260 and m?
4
Let a be 4 + (0 + 317)*1. Let x = a - 293. Calculate the highest common divisor of x and 98.
14
Let w(h) = h**3 + 7*h**2 + 7*h + 373. Let g be w(-10). Calculate the greatest common factor of g and 633.
3
Let b = -4263 + 4284. What is the highest common factor of b and 81?
3
Let l be 10*1/(-2)*-45. Let g = -719441 - -719459. What is the greatest common factor of l and g?
9
Let l(v) = 8*v - 28. Let q be l(6). Suppose -42 = -5*j - 3*d, -2*j + d + d + q = 0. What is the highest common factor of 81 and j?
9
Let v(p) = 81*p - 446. Let l be v(24). Calculate the greatest common divisor of 1926 and l.
214
Let i = 8 + -5. Suppose 2*z + 3*u - 4*u - 732 = 0, -5*u + 1830 = 5*z. Suppose -4*c - 318 = -z. What is the greatest common factor of i and c?
3
Suppose 82*z - 40*z = 35*z + 46228. Calculate the highest common divisor of 52 and z.
52
Suppose 11*u - 9*u - s = 90, s + 133 = 3*u. What is the highest common divisor of 3526 and u?
43
Let q(w) = -299*w**3 + 14*w**2 + 7*w - 6. Let b be q(-1). What is the greatest common factor of 7400 and b?
100
Let y = -1715 - -968. Let j = y + 1088. Suppose h = -3*t + 95, -429*t + 41 = -428*t + 5*h. Calculate the greatest common factor of t and j.
31
Let h(z) = z**3 + 23*z**2 - 13*z - 222. Let x be h(-23). What is the greatest common divisor of x and 1177?
11
Suppose -79349 = -184*k + 656467. Calculate the highest common divisor of 186 and k.
93
Suppose 319*i - 52003 = 177677. Calculate the highest common factor of i and 40.
40
Let b be 1150/4 + (-77)/(-154). Suppose -4*y = -b + 16. What is the highest common divisor of y and 306?
34
Let d be 2/(-8) - (-3314)/8. Suppose 3*w - 14*w - 175 + 373 = 0. Calculate the greatest common factor of w and d.
18
Suppose 506*j + 23936 = 550*j. Calculate the highest common divisor of 7752 and j.
136
Suppose -6*d + 3*v = -d - 190, -v = 4*d - 169. Let o = d - 9. Calculate the highest common factor of 32 and o.
32
Let p be -2 - (0 + (-8)/1). Let o = 94 - 37. Let r = o - 42. Calculate the greatest common divisor of r and p.
3
Let y be 14 + -4 - (0 + -1). Let x = y - 3. Let b = 3034 + -2986. Calculate the highest common factor of b and x.
8
Suppose -5*j + 50 = 4*w, w + w + 2*j = 24. Let z(d) = 6*d - 26. Let u be z(w). What is the highest common factor of 85 and u?
17
Let b = -30888 - -32274. Calculate the greatest common divisor of 666 and b.
18
Let r = -9424 + 9448. Suppose -4 = z + 3*v, z - 20 = -2*z - v. Calculate the highest common factor of r and z.
8
Let o(k) = 245 - 500 - 2*k + 308. Let b be o(11). What is the highest common factor of 248 and b?
31
Suppose -2*x = 4*u + 6, 2*u = 3*u - 2*x - 11. Let s(i) = -u + 13 - 1 + 3*i - 5. Let d be s(8). Calculate the highest common factor of d and 10.
10
Suppose -t + 3*b = -10, -3*b - 55 = -4*t - 15. Let k be (-1)/((14/(-70))/((24/10)/3)). Calculate the highest common factor of t and k.
2
Suppose -3*o + g = -348 - 1067, -5*o + 2377 = 3*g. Calculate the highest common factor of 55 and o.
11
Let y be 9/36 - 343/(-4). Let z be y - (-3 + 8 - 3). Calculate the highest common factor of z and 56.
28
Let i = -1822 - -1878. Calculate the highest common divisor of 3416 and i.
56
Suppose 4*w - 49 = 4*c + 823, -4*c + 16 = 0. What is the greatest common factor of w and 1406?
74
Suppose -3*f + 49 = q - 7, 2*f - 174 = -4*q. Let x = 75 - q. Let p = 85 - x. What is the greatest common factor of 34 and p?
17
Let s be 4/14 + 195/(-21). Let h be ((-96)/s)/((-1)/(-15)). Let a = -295 - -315. What is the highest common factor of a and h?
20
Suppose -4 = -2*w, 12*m - 14*m = -2*w. Suppose 5*u - 170 = -5*j, 0 = u - m*j - 25 - 9. What is the greatest common factor of 2 and u?
2
Let j be (5/(-4))/((-16)/192). Suppose -30*l + 480 = -j*l. What is the highest common factor of 208 and l?
16
Let w = 26187 - 25959. Calculate the greatest common factor of w and 4427.
19
Let t be -1 - (392/(-2) + 25). What is the greatest common factor of 16915 and t?
85
Let y = -3739 + 3756. What is the highest common factor of y and 2669?
17
Let n(a) = 2*a**2 + 61*a + 33. Let c be n(-30). Suppose -4*v + c*o = -874, 2*v - 4*o + 3*o = 438. What is the highest common divisor of v and 55?
55
Suppose 2*w - 3*v - 15 = 0, v - 4*v = 3. Let t be 52 - (9 - w) - -6. Calculate the highest common divisor of 99 and t.
11
Suppose -11214 + 10935 = -k. What is the highest common factor of 3937 and k?
31
Let q = -8 + 17. Let d be (2/q)/2 + (-4152)/(-54). What is the highest common factor of 7 and d?
7
Let i = -431 + 449. Suppose -19*o = -i*o - 132. Suppose 0 = p - 4*p + 36. What is the highest common divisor of p and o?
12
Let f = -170 + 357. Let i = 672 - f. Let g = i - 206. Calculate the greatest common divisor of 31 and g.
31
Let f be -2*(-28)/8 + 160/(-20). Suppose 1 = -o + 5*j - 3, o = -5*j + 46. Let p = f + o. Calculate the highest common divisor of 100 and p.
20
Let q(h) = 2*h**3 - 16*h**2 + 19*h + 18. Let n = -250 - -257. Let z be q(n). What is the greatest common divisor of 159 and z?
53
Let k(l) = -17*l - 4. Let y be k(-2). Suppose -y = -21*h + 15*h. Let g = -49 - -104. Calculate the greatest common divisor of g and h.
5
Suppose 0 = 30*n + 6 - 66. Suppose -2*a = 5*h - 12, 8*a + 5*h + 4 = 7*a. What is the highest common factor of n and a?
2
Let c = -10 + 14. Suppose 121 - 1714 = -9*g. Let p be (-3)/c - g/(-12). What is the greatest common factor of p and 2?
2
Let i be (-32040)/(-96)*(15/(-9) + 3). Calculate the greatest common divisor of 5 and i.
5
Suppose -310*y + 352*y - 2268 = 0. What is the greatest common divisor of y and 534?
6
Let z be (-110 + 0)/(-4 + 2). Let g = -48 - -51. Let c be ((-40)/(-24))/(1/g). Calculate the highest common divisor of c and z.
5
Suppose 12 = -3*t, -201538 + 24071 = 5*a - 2*t. Let p be a/(-217) + 6/14. What is the highest common factor of p and 123?
41
Suppose -589 + 167 = 5*y - 4*o, 0 = -3*y - 3*o - 237. Let c(h) = -13*h - 7. Let g be c(6). Let d = y - g. Calculate the greatest common divisor of 3 and d.
3
Let i(o) = -2*o - 1. Let k be i(-3). Suppose -k*z + 272 = -z. Calculate the highest common divisor of 153 and z.
17
Let c(p) = -p**3 + p**2 - 103*p + 46. Let b be c(0). What is the greatest common divisor of b and 10534?
46
Let y = -166 - -297. Suppose -4*x = -y - 13. What is the highest common factor of 24 and x?
12
Suppose -7*q = 913 - 1172. Calculate the greatest commo